{"id":45,"date":"2013-08-12T19:04:21","date_gmt":"2013-08-12T22:04:21","guid":{"rendered":"http:\/\/sinpro-al.com.br\/v2\/?page_id=45"},"modified":"2015-11-25T14:46:46","modified_gmt":"2015-11-25T17:46:46","slug":"filie-se","status":"publish","type":"page","link":"http:\/\/sinpro-al.com.br\/v2\/?page_id=45","title":{"rendered":"Filie-se"},"content":{"rendered":"<p><strong>Colegas educadores(as)<\/strong><\/p>\n<p>Ser educador(a) \u00e9 estar, antes de tudo, comprometido com um mundo mais humano. Este compromisso, se \u00e9 verdadeiramente sentido e vivido, deve ser pautado pelo sonho de uma outra realidade, pela cren\u00e7a na transforma\u00e7\u00e3o e na disposi\u00e7\u00e3o de, junto com outros sonhadores, lutar pela constru\u00e7\u00e3o de um outro mundo, que sabemos poss\u00edvel.<\/p>\n<p>Mais do que uma entidade de classe, o sindicato \u00e9, concretamente, cada professor e professora que, no seu fazer cotidiano, contribui para afirmar a import\u00e2ncia social dos trabalhadores em educa\u00e7\u00e3o. Os sindicatos t\u00eam se mostrado historicamente como uma importante arma de resist\u00eancia dos trabalhadores nas lutas coletivas e um poderoso instrumento de express\u00e3o de suas categorias.<br \/>\nEnfim, um espa\u00e7o de constru\u00e7\u00e3o pol\u00edtica e pedag\u00f3gica dos trabalhadores, fazendo e refazendo a si e ao mundo.<\/p>\n<p>O direito de ser associado ao sindicato \u00e9 leg\u00edtimo. Sindicalizar-se \u00e9 compreender o papel transformador que assumimos quando escolhemos a Educa\u00e7\u00e3o como profiss\u00e3o. \u00c9 exercer cidadania. Tornar-se um(a) associado(a), \u00e9 valorizar todos os sujeitos envolvidos nas lutas hist\u00f3ricas da classe trabalhadora, companheiras e companheiros que colocaram-se \u00e0 disposi\u00e7\u00e3o da luta pelos direitos que hoje possu\u00edmos.<\/p>\n<p>\u00c9 com a participa\u00e7\u00e3o ativa e a receita dos filiados que o sindicato sobrevive e, assim, garante os seus direitos, as nossas conquistas. O sindicato atende todo educador em servi\u00e7os como homologa\u00e7\u00f5es e orienta\u00e7\u00f5es trabalhistas, por exemplo. Sem contar as Campanhas pela manuten\u00e7\u00e3o dos direitos j\u00e1 convencionados e a luta pela amplia\u00e7\u00e3o desses direitos, Congressos, Jornadas\u00a0Pedag\u00f3gicas, cursos, palestras, atividades art\u00edstico-culturais, promovendo cidadania. Quanto mais for\u00e7a o Sindicato dos Professores dispuser, mais fortalecida ser\u00e1 a luta coletiva.<\/p>\n<p align=\"center\"><strong><em>Seja mais um associado do seu sindicato! Fortale\u00e7a esta luta que \u00e9 nossa!<\/em><\/strong><\/p>\n<p style=\"text-align: left;\" align=\"center\">Fa\u00e7a o download da <strong><a href=\"http:\/\/sinpro-al.com.br\/v2\/wp-content\/uploads\/2015\/11\/image.jpeg\">Ficha de Associado<\/a><\/strong>, imprima, preencha-a e traga at\u00e9 a nossa sede, devidamente assinada, al\u00e9m de uma <strong>foto 3&#215;4<\/strong> e sua <strong>carteira de trabalho .\u00a0<\/strong><\/p>\n","protected":false},"excerpt":{"rendered":"<p>Colegas educadores(as) Ser educador(a) \u00e9 estar, antes de tudo, comprometido com um mundo mais humano. Este compromisso, se \u00e9 verdadeiramente sentido e vivido, deve ser pautado pelo sonho de uma outra realidade, pela cren\u00e7a na transforma\u00e7\u00e3o e na disposi\u00e7\u00e3o de, junto com outros sonhadores, lutar pela constru\u00e7\u00e3o de um outro mundo, que sabemos poss\u00edvel. Mais [&hellip;]<\/p>\n","protected":false},"author":1,"featured_media":0,"parent":0,"menu_order":3,"comment_status":"open","ping_status":"open","template":"","meta":{"footnotes":""},"class_list":["post-45","page","type-page","status-publish","hentry"],"_links":{"self":[{"href":"http:\/\/sinpro-al.com.br\/v2\/index.php?rest_route=\/wp\/v2\/pages\/45","targetHints":{"allow":["GET"]}}],"collection":[{"href":"http:\/\/sinpro-al.com.br\/v2\/index.php?rest_route=\/wp\/v2\/pages"}],"about":[{"href":"http:\/\/sinpro-al.com.br\/v2\/index.php?rest_route=\/wp\/v2\/types\/page"}],"author":[{"embeddable":true,"href":"http:\/\/sinpro-al.com.br\/v2\/index.php?rest_route=\/wp\/v2\/users\/1"}],"replies":[{"embeddable":true,"href":"http:\/\/sinpro-al.com.br\/v2\/index.php?rest_route=%2Fwp%2Fv2%2Fcomments&post=45"}],"version-history":[{"count":7,"href":"http:\/\/sinpro-al.com.br\/v2\/index.php?rest_route=\/wp\/v2\/pages\/45\/revisions"}],"predecessor-version":[{"id":1730,"href":"http:\/\/sinpro-al.com.br\/v2\/index.php?rest_route=\/wp\/v2\/pages\/45\/revisions\/1730"}],"wp:attachment":[{"href":"http:\/\/sinpro-al.com.br\/v2\/index.php?rest_route=%2Fwp%2Fv2%2Fmedia&parent=45"}],"curies":[{"name":"wp","href":"https:\/\/api.w.org\/{rel}","templated":true}]}}

<p><strong>Colegas educadores(as)</strong></p>
<p>Ser educador(a) é estar, antes de tudo, comprometido com um mundo mais humano. Este compromisso, se é verdadeiramente sentido e vivido, deve ser pautado pelo sonho de uma outra realidade, pela crença na transformação e na disposição de, junto com outros sonhadores, lutar pela construção de um outro mundo, que sabemos possível.</p>
<p>Mais do que uma entidade de classe, o sindicato é, concretamente, cada professor e professora que, no seu fazer cotidiano, contribui para afirmar a importância social dos trabalhadores em educação. Os sindicatos têm se mostrado historicamente como uma importante arma de resistência dos trabalhadores nas lutas coletivas e um poderoso instrumento de expressão de suas categorias.<br />
Enfim, um espaço de construção política e pedagógica dos trabalhadores, fazendo e refazendo a si e ao mundo.</p>
<p>O direito de ser associado ao sindicato é legítimo. Sindicalizar-se é compreender o papel transformador que assumimos quando escolhemos a Educação como profissão. É exercer cidadania. Tornar-se um(a) associado(a), é valorizar todos os sujeitos envolvidos nas lutas históricas da classe trabalhadora, companheiras e companheiros que colocaram-se à disposição da luta pelos direitos que hoje possuímos.</p>
<p>É com a participação ativa e a receita dos filiados que o sindicato sobrevive e, assim, garante os seus direitos, as nossas conquistas. O sindicato atende todo educador em serviços como homologações e orientações trabalhistas, por exemplo. Sem contar as Campanhas pela manutenção dos direitos já convencionados e a luta pela ampliação desses direitos, Congressos, Jornadas Pedagógicas, cursos, palestras, atividades artístico-culturais, promovendo cidadania. Quanto mais força o Sindicato dos Professores dispuser, mais fortalecida será a luta coletiva.</p>
<p align="center"><strong><em>Seja mais um associado do seu sindicato! Fortaleça esta luta que é nossa!</em></strong></p>
<p style="text-align: left;" align="center">Faça o download da <strong><a href="http://sinpro-al.com.br/v2/wp-content/uploads/2015/11/image.jpeg">Ficha de Associado</a></strong>, imprima, preencha-a e traga até a nossa sede, devidamente assinada, além de uma <strong>foto 3&#215;4</strong> e sua <strong>carteira de trabalho . </strong></p>

<p>Colegas educadores(as) Ser educador(a) é estar, antes de tudo, comprometido com um mundo mais humano. Este compromisso, se é verdadeiramente sentido e vivido, deve ser pautado pelo sonho de uma outra realidade, pela crença na transformação e na disposição de, junto com outros sonhadores, lutar pela construção de um outro mundo, que sabemos possível. Mais [&hellip;]</p>
